{"id":67,"date":"2017-02-24T17:06:30","date_gmt":"2017-02-24T17:06:30","guid":{"rendered":"http:\/\/pruefungskompetenz.de\/w\/?page_id=67"},"modified":"2021-10-04T10:04:02","modified_gmt":"2021-10-04T10:04:02","slug":"berufliches-coaching","status":"publish","type":"page","link":"https:\/\/pruefungskompetenz.de\/w\/angebot\/berufliches-coaching\/","title":{"rendered":"Berufliches Coaching"},"content":{"rendered":"<ul>\n<li>Sie w\u00fcnschen sich in\u00a0bestimmten beruflichen Situationen mehr Sicherheit und Souver\u00e4nit\u00e4t?<\/li>\n<li>Sie m\u00f6chten gezielt bestimmte fachliche Kompetenzen entwickeln, sich besser konzentrieren k\u00f6nnen, Fehler minimieren?<\/li>\n<li>Sie wollen als Berufsanf\u00e4nger\/in oder nach einem Stellenwechsel im neuen Umfeld schnell kompetent agieren?<\/li>\n<li>Sie w\u00fcnschen sich Kompetenz und Sicherheit in besonders herausfordernden beruflichen Situationen?<\/li>\n<\/ul>\n<h3>Im Einzelcoaching<\/h3>\n<p>definieren wir Ihre Ziele, analysieren Stress ausl\u00f6senden Faktoren, kombinieren K\u00f6rperarbeit und Mentaltraining, ber\u00fccksichtigen das System, in dem Sie arbeiten und erstellen bei Bedarf ein individuelles \u00dcbungsprogramm, das Sie in Ihrem Berufsalltag oder in einer spezifischen beruflichen Situation gezielt unterst\u00fctzt.<\/p>\n<h3>Dauer<\/h3>\n<p>Die Anzahl der Beratungsstunden und die Abst\u00e4nde zwischen den einzelnen Terminen werden individuell auf Sie abgestimmt.<\/p>\n<h3>Kompaktcoaching<\/h3>\n<p>Vor wichtigen Terminen und in Situationen mit hohem Druck \/ wenig Zeit kann das Coaching an ein bis drei Tagen mehrst\u00fcndig erfolgen.<\/p>\n<p><b>Frei sprechen<\/b><br \/>\nEinzelcoaching vor Bewerbungsgespr\u00e4chen \/ Assessement-Centern, Pr\u00e4sentationen, \u00f6ffentlichen Auftritten, Verhandlungen, Kunden- oder Mitarbeitergespr\u00e4chen, Dolmetscheins\u00e4tzen.<\/p>\n","protected":false},"excerpt":{"rendered":"<p>Sie w\u00fcnschen sich in\u00a0bestimmten beruflichen Situationen mehr Sicherheit und Souver\u00e4nit\u00e4t? Sie m\u00f6chten gezielt bestimmte fachliche Kompetenzen entwickeln, sich besser konzentrieren k\u00f6nnen, Fehler minimieren? Sie wollen als Berufsanf\u00e4nger\/in oder nach einem Stellenwechsel im neuen Umfeld schnell kompetent agieren? Sie w\u00fcnschen sich Kompetenz und Sicherheit in besonders herausfordernden beruflichen Situationen? Im Einzelcoaching definieren wir Ihre Ziele, analysieren [&hellip;]<\/p>\n","protected":false},"author":1,"featured_media":0,"parent":16,"menu_order":20,"comment_status":"closed","ping_status":"closed","template":"","meta":{"footnotes":""},"class_list":["post-67","page","type-page","status-publish","hentry"],"_links":{"self":[{"href":"https:\/\/pruefungskompetenz.de\/w\/wp-json\/wp\/v2\/pages\/67","targetHints":{"allow":["GET"]}}],"collection":[{"href":"https:\/\/pruefungskompetenz.de\/w\/wp-json\/wp\/v2\/pages"}],"about":[{"href":"https:\/\/pruefungskompetenz.de\/w\/wp-json\/wp\/v2\/types\/page"}],"author":[{"embeddable":true,"href":"https:\/\/pruefungskompetenz.de\/w\/wp-json\/wp\/v2\/users\/1"}],"replies":[{"embeddable":true,"href":"https:\/\/pruefungskompetenz.de\/w\/wp-json\/wp\/v2\/comments?post=67"}],"version-history":[{"count":8,"href":"https:\/\/pruefungskompetenz.de\/w\/wp-json\/wp\/v2\/pages\/67\/revisions"}],"predecessor-version":[{"id":986,"href":"https:\/\/pruefungskompetenz.de\/w\/wp-json\/wp\/v2\/pages\/67\/revisions\/986"}],"up":[{"embeddable":true,"href":"https:\/\/pruefungskompetenz.de\/w\/wp-json\/wp\/v2\/pages\/16"}],"wp:attachment":[{"href":"https:\/\/pruefungskompetenz.de\/w\/wp-json\/wp\/v2\/media?parent=67"}],"curies":[{"name":"wp","href":"https:\/\/api.w.org\/{rel}","templated":true}]}}